{"id":210,"date":"2023-01-10T05:10:22","date_gmt":"2023-01-10T05:10:22","guid":{"rendered":"https:\/\/www.andess.cl\/EMA\/?page_id=210"},"modified":"2023-01-23T14:43:21","modified_gmt":"2023-01-23T14:43:21","slug":"modulo-3-2","status":"publish","type":"page","link":"https:\/\/www.andess.cl\/EMA\/modulo-3-2\/","title":{"rendered":"M\u00f3dulo 3"},"content":{"rendered":"[vc_row][vc_column width=\u00bb1\/2&#8243;]<figure class=\"vcex-image vcex-module wpex-clr\"><div class=\"vcex-image-inner wpex-inline-block wpex-relative overlay-parent overlay-parent-title-bottom hvr hvr-grow\"><a href=\"https:\/\/www.andess.cl\/EMA\/wp-content\/uploads\/2023\/01\/escuela-del-agua-2022-modulo-3.pdf\" target=\"_blank\" rel=\"noopener noreferrer\"><img decoding=\"async\" loading=\"lazy\" class=\"wpex-align-middle\" src=\"https:\/\/www.andess.cl\/EMA\/wp-content\/uploads\/2023\/01\/2_3_1.jpg\" alt=\"\" width=\"1196\" height=\"667\" \/>\n<div class=\"overlay-title-bottom theme-overlay wpex-absolute wpex-bottom-0 wpex-inset-x-0 wpex-bg-black wpex-py-10 wpex-px-20 wpex-text-white wpex-text-md wpex-text-center\">\n\tVer presentaci\u00f3n<\/div><\/a><\/div><\/figure>[\/vc_column][vc_column width=\u00bb1\/2&#8243;]<figure class=\"vcex-image vcex-module wpex-clr\"><div class=\"vcex-image-inner wpex-inline-block wpex-relative overlay-parent overlay-parent-title-bottom hvr hvr-grow\"><a href=\"https:\/\/www.andess.cl\/EMA\/wp-content\/uploads\/2023\/01\/Presentacion-Escuela-Municipal-del-Agua-Rafael-Palacios.pdf\" target=\"_blank\" rel=\"noopener noreferrer\"><img decoding=\"async\" loading=\"lazy\" class=\"wpex-align-middle\" src=\"https:\/\/www.andess.cl\/EMA\/wp-content\/uploads\/2023\/01\/2_3_2.jpg\" alt=\"\" width=\"1196\" height=\"667\" \/>\n<div class=\"overlay-title-bottom theme-overlay wpex-absolute wpex-bottom-0 wpex-inset-x-0 wpex-bg-black wpex-py-10 wpex-px-20 wpex-text-white wpex-text-md wpex-text-center\">\n\tVer presentaci\u00f3n<\/div><\/a><\/div><\/figure>[\/vc_column][\/vc_row][vc_row][vc_column][vc_column_text]\n<p style=\"text-align: left;\"><span style=\"font-size: 14px;\"><span style=\"text-decoration: underline;\"><strong>Temas<\/strong><\/span><br \/>\n<\/span><\/p>\n<ul>\n<li><span style=\"font-size: 14px;\">Cambio clim\u00e1tico y vulnerabilidad h\u00eddrica.<\/span><\/li>\n<li><span style=\"font-size: 14px;\">Re\u00faso y Desalinizaci\u00f3n.<\/span><\/li>\n<\/ul>\n[\/vc_column_text][vc_empty_space][\/vc_column][\/vc_row][vc_row][vc_column width=\u00bb1\/2&#8243;][vc_video link=\u00bbhttps:\/\/www.youtube.com\/watch?v=qbUaRrQf1ic\u00bb][\/vc_column][vc_column width=\u00bb1\/2&#8243;][vc_empty_space height=\u00bb228px\u00bb][vc_btn title=\u00bbVolver atr\u00e1s\u00bb shape=\u00bbsquare\u00bb color=\u00bbturquoise\u00bb size=\u00bbsm\u00bb align=\u00bbright\u00bb link=\u00bburl:https%3A%2F%2Fwww.andess.cl%2FEMA%2Fsegunda-escuela-municipal-del-agua%2F|title:Segunda%20Escuela%20Municipal%20del%20Agua\u00bb][\/vc_column][\/vc_row]\n","protected":false},"excerpt":{"rendered":"<p>[vc_row][vc_column width=\u00bb1\/2&#8243;][\/vc_column][vc_column width=\u00bb1\/2&#8243;][\/vc_column][\/vc_row][vc_row][vc_column][vc_column_text] Temas Cambio clim\u00e1tico y vulnerabilidad h\u00eddrica. Re\u00faso y Desalinizaci\u00f3n. [\/vc_column_text][vc_empty_space][\/vc_column][\/vc_row][vc_row][vc_column width=\u00bb1\/2&#8243;][vc_video link=\u00bbhttps:\/\/www.youtube.com\/watch?v=qbUaRrQf1ic\u00bb][\/vc_column][vc_column width=\u00bb1\/2&#8243;][vc_empty_space height=\u00bb228px\u00bb][vc_btn title=\u00bbVolver atr\u00e1s\u00bb shape=\u00bbsquare\u00bb color=\u00bbturquoise\u00bb size=\u00bbsm\u00bb align=\u00bbright\u00bb link=\u00bburl:https%3A%2F%2Fwww.andess.cl%2FEMA%2Fsegunda-escuela-municipal-del-agua%2F|title:Segunda%20Escuela%20Municipal%20del%20Agua\u00bb][\/vc_column][\/vc_row]<\/p>\n","protected":false},"author":1,"featured_media":0,"parent":0,"menu_order":0,"comment_status":"closed","ping_status":"closed","template":"","meta":{"footnotes":""},"class_list":["post-210","page","type-page","status-publish","hentry","entry","no-media"],"_links":{"self":[{"href":"https:\/\/www.andess.cl\/EMA\/wp-json\/wp\/v2\/pages\/210","targetHints":{"allow":["GET"]}}],"collection":[{"href":"https:\/\/www.andess.cl\/EMA\/wp-json\/wp\/v2\/pages"}],"about":[{"href":"https:\/\/www.andess.cl\/EMA\/wp-json\/wp\/v2\/types\/page"}],"author":[{"embeddable":true,"href":"https:\/\/www.andess.cl\/EMA\/wp-json\/wp\/v2\/users\/1"}],"replies":[{"embeddable":true,"href":"https:\/\/www.andess.cl\/EMA\/wp-json\/wp\/v2\/comments?post=210"}],"version-history":[{"count":7,"href":"https:\/\/www.andess.cl\/EMA\/wp-json\/wp\/v2\/pages\/210\/revisions"}],"predecessor-version":[{"id":310,"href":"https:\/\/www.andess.cl\/EMA\/wp-json\/wp\/v2\/pages\/210\/revisions\/310"}],"wp:attachment":[{"href":"https:\/\/www.andess.cl\/EMA\/wp-json\/wp\/v2\/media?parent=210"}],"curies":[{"name":"wp","href":"https:\/\/api.w.org\/{rel}","templated":true}]}}